 7*f**2 - 8*f + 5. Let p(c) = 8*t(c) - 3*z(c). Let k = 80 - 85. Give p(k).
-2
Let v(w) = -w**2. Let c = -1 + 2. Let r(q) = q - 2. Let g(p) = c*r(p) - 2*v(p). What is g(-3)?
13
Let l(m) = -7*m. Let b = -27 - -27. Suppose -x + b*x = -1. Give l(x).
-7
Let r(f) = 11*f**3 - f**2 - f + 1. Let h(m) = m**2 + 15*m + 15. Let d be h(-14). Give r(d).
10
Let g(w) = w**3 + w**2 + 5. Let y(m) = 2*m - 3 + 6 + 7. Let t be y(-5). Determine g(t).
5
Let k(a) = -1 + 26*a**3 + 4*a - 4*a + a**2 - 22*a**3. What is k(1)?
4
Let l(p) = -3*p. Let k be 2/(-13) + 48/(-26). Calculate l(k).
6
Suppose 0 = -4*j + 2*j. Suppose h - 2 + j = 0. Let a(u) = -1 - u**2 + 1. Give a(h).
-4
Let x(j) be the first derivative of -j**2/2 + 12*j - 1. Let r be x(9). Let i(c) = 3 + c**3 + 5*c**2 + 14*c - 9*c + 0*c**r. Give i(-4).
-1
Let f = 7 + -8. Let i(a) = 8*a**2 + a + 1. Calculate i(f).
8
Let q(y) be the third derivative of 2*y**5/15 - y**4/12 + y**3/6 + y**2. Determine q(1).
7
Let d be 2 - (-2)/(-4)*2. Let k(c) = 7*c**2 + 2*c - 1. What is k(d)?
8
Let l(y) = 4*y**2 - 2*y - 3 - 3*y**2 + 0*y**2. What is l(3)?
0
Let s(g) = -2*g**3 + 3*g**2 - 5*g - 2. Let l(z) = z**3 - 2*z**2 + 3*z + 1. Let q(k) = -5*l(k) - 3*s(k). Let v be (-4)/3*(-3)/(-2). What is q(v)?
-3
Let q(c) be the first derivative of 5*c**2/2 + 2*c + 2. Give q(-2).
-8
Suppose w - 2 = -2*d, 3*w + 0*d + d = -9. Let h(x) = x + 3. Give h(w).
-1
Let t(l) = -5*l**3 + 23*l**2 + l - 3. Let i(d) = 3*d**3 - 15*d**2 - d + 2. Let s(w) = 8*i(w) + 5*t(w). What is s(-4)?
-3
Suppose 4*h + 0*h = 24. Let j(z) = -5 - 7*z + 0*z + h*z. What is j(-5)?
0
Let n(l) = -2*l**2. Let s(p) = p**2 - 2*p - 2. Let r(v) = 2*v**2 - 5*v - 3. Let y(w) = 3*r(w) - 5*s(w). Let g be y(5). Determine n(g).
-2
Let g(z) = -4*z + 4 + 5*z - 4*z. Suppose -3*a = -4 - 5. Give g(a).
-5
Let c(t) = -t**2 + 3*t + 1. Let w(m) = 4*m**2 - 1. Let x be w(-1). Determine c(x).
1
Let y(r) = r**3 - 2*r**2 - r - 1. Suppose 0 = -2*n + 5*n - 21. Suppose 3*l + o - n + 0 = 0, -3*o - 3 = l. Let w be y(l). Let d(x) = x - 9. What is d(w)?
-4
Let t(z) = 5*z - 1. Let w(k) be the third derivative of -k**5/60 + k**4/12 + 5*k**2. Let a be (3/(-9))/(1/(-3)). Let r be w(a). Determine t(r).
4
Let r(j) = -j**3 - 12*j**2 - 2*j + 16. Let z(f) = f**3 + f**2 - 1. Let t(w) = r(w) + 2*z(w). What is t(10)?
-6
Let m(a) = 0 - 2 + 2*a + 2*a. Suppose -5 = -4*n + 3. What is m(n)?
6
Let n(i) = -9 - i + 14 + 3. What is n(6)?
2
Let j(q) = -4*q + 6. Let s(c) = -5*c + 7. Let f(v) = -6*j(v) + 5*s(v). Let m(n) = 4*n + 1. Let z(y) = -3*f(y) - m(y). Determine z(-4).
6
Suppose 3*u + 2*c + 1 = 0, -2*c - 7 = -3. Suppose 0 = s + 2*s - 3, 2*s = -n - u. Let w(p) = -2*p**2 - p**3 - 2 - 2*p**2 - p + 0*p**3. Calculate w(n).
-8
Let b(i) be the first derivative of -3*i**2 - 3*i - 5. Calculate b(-2).
9
Let c(o) = -2 + 0 - o**2 - 4 - 4*o + 2. Calculate c(-4).
-4
Let h(x) = x**3 + 4*x**2 - 5*x + 3. Let s(n) = n**2 - n - 4. Let q be s(-3). Let m = q - 13. Give h(m).
3
Let a = -7 - -9. Suppose 9 = -a*j - 5*i, -4*j + 5*j = -i. Let q(l) = -l**2 + 2*l + 1. Determine q(j).
-2
Let c(o) be the first derivative of -o**4/4 - 8*o**3/3 - 4*o**2 - 21. Calculate c(-7).
7
Let g be (-9)/(-6) - (-2)/4. Suppose 3*k - 4*z = -16, 3*z + g = -3*k + 14. Let v(u) be the first derivative of u**3/3 + 6*u + 1. What is v(k)?
6
Let f = 2 - 7. Let i = f - 0. Let l(a) = 5*a**2 + 2*a - 3. Let v(q) = 3*q**2 + q - 2. Let z(s) = i*l(s) + 8*v(s). Give z(-1).
0
Let h(x) be the third derivative of -3*x**2 + 0 - 1/24*x**4 + 0*x - 1/60*x**5 + 0*x**3 - 1/20*x**6. Determine h(-1).
6
Let v(t) = -6 + 230*t - t**2 - 226*t + 2*t**2. Give v(-6).
6
Suppose -3*d = -5*r + 3, 7*d + r - 19 = 3*d. Let k(n) = n + 8. Let p(a) = a + 1. Let l(f) = k(f) - 3*p(f). Determine l(d).
-3
Let u(r) = -8*r**2 + 8*r + 7. Let p(m) = -7*m**2 + 7*m + 6. Let q(k) = -7*p(k) + 6*u(k). Determine q(-1).
2
Suppose 2*q - 5*q + 6 = 0. Let t be -2 - (q - (-1 + 3)). Let f(p) = p**3 - p - 1. What is f(t)?
-7
Let r(j) = -5*j + 17*j**2 - 16*j**2 - j + 2 - 7. Suppose -l - 6*z + z = 3, 3*l = -3*z + 15. Determine r(l).
2
Let m(i) be the first derivative of i**3/3 - 3*i**2/2 - 4*i - 24. Determine m(5).
6
Suppose -5*j - 5 = -4*o + o, 3*j + 4 = 2*o. Let w be -3*((-14)/6 - -1). Let q(t) = -t**3 - 3 + w*t**2 - 3*t + 9*t + 0*t**2. Calculate q(o).
2
Let g be (-19 + 5 + -3)/(-1). Suppose o + g = -o + 3*m, 4*o + 19 = m. Let s(a) be the third derivative of a**5/60 + 5*a**4/24 - a**3/3 + a**2. Determine s(o).
-6
Let o(f) = 0 - 2 + 2 - 2 - 4*f + f**2. Suppose y - 2 - 11 = 2*p, 5*y - p = 29. Calculate o(y).
3
Let l(k) = 3*k**2 - 7*k + 5. Let x(o) = 1 + 3 - 2*o**2 + 4*o**2 - 1 - 4*o. Let r(a) = 3*l(a) - 5*x(a). Let f = -2 + 1. What is r(f)?
0
Let a(h) be the second derivative of -h**6/40 - h**5/20 - h**4/24 - h**3/3 - 3*h**2/2 + 3*h. Let d(p) be the first derivative of a(p). Calculate d(-2).
12
Let l(u) = -u**3 + 16*u**2 + 17*u + 1. Let v be l(17). Let r(z) = 4*z**2 + z. Calculate r(v).
5
Let l(c) = -c + 3. Let a(n) = n - 1. Let u(v) = 2*a(v) + l(v). What is u(3)?
4
Let i(f) be the third derivative of f**8/20160 + f**7/840 + f**6/720 - f**5/15 - 3*f**2. Let y(a) be the third derivative of i(a). What is y(-5)?
-4
Let c(w) = -3*w - 15. Let j be c(-7). Let m = j + -5. Let t(r) = 5*r**2 - 2*r + 1. What is t(m)?
4
Let w = 42 - 47. Let z(m) = -m**2 - 6*m + 4. Determine z(w).
9
Let h be 3 + 3/((-12)/(-8)) + -2. Let j(t) = -4*t + 4. Calculate j(h).
-8
Suppose -2*a + 3 = 15. Let z = -6 - a. Let y(l) = -l**2 - l + 8. Give y(z).
8
Let w(v) = 2*v**2 + 17*v + 38. Let x be w(-5). Let k be 7/4 + (-1)/(-4). Let d(n) = -3*n**2 - 4 + 5*n**2 + 0 - k*n. What is d(x)?
8
Let d(o) = o**3 + 4*o**2 + 2*o - 2. Let t(y) = 5*y + 6. Let b be t(-2). Determine d(b).
-10
Suppose -10 = 37*h - 35*h. Let f(q) = -q + 1. Let n(b) = 6*b - 7. Let l(c) = -5*f(c) - n(c). Determine l(h).
7
Let d(j) = -3*j**3 - j**2 - 3*j + 8. Let g(m) = -2*m**3 - m + 4. Let a(h) = 3*d(h) - 5*g(h). Suppose 0 = -2*r - r - 18. Let b be 6/(-4)*16/r. Calculate a(b).
4
Let m(q) = q. Let g = -6 + 12. Suppose -2*n = -4 - g. Determine m(n).
5
Suppose -24*i = -26*i + 14. Let b(h) = -h**3 + 7*h**2 + 2*h - 10. Calculate b(i).
4
Let i(k) be the third derivative of -k**5/60 + k**4/6 - k**3/6 + k**2. Suppose -10*v + 9*v = -5. Give i(v).
-6
Let x be 2/(-4) + 13/(-26). Let z(l) = -2*l + 1. Calculate z(x).
3
Let b(i) = i + 1. Let q be b(-4). Let r(d) be the second derivative of -d**3/6 - 5*d**2/2 + d. Let u(t) = 4*t + 16. Let l(k) = -7*r(k) - 2*u(k). Determine l(q).
6
Let j(a) be the first derivative of -1/24*a**4 - 2 + a**2 + 0*a**5 - 1/120*a**6 + 0*a + 0*a**3. Let m(w) be the second derivative of j(w). What is m(1)?
-2
Let l(o) = 4*o**2 - 19*o + 3. Let q(u) = -2*u - 2 + 3 - 7*u + 2*u**2. Let b(h) = 2*l(h) - 5*q(h). Calculate b(5).
-14
Let p(g) = -g**3 + 5*g**2 - g + 7. Let v be p(5). Suppose 0 = 2*c - c - 4. Suppose -v*r + c*r = -8. Let x(f) = f - 1. Calculate x(r).
-5
Let p(q) = -11*q + 6*q + 6*q + 2. Let j = -5 + 3. What is p(j)?
0
Let i(q) = 10*q - 10. Let a(o) = -3*o + 3. Let z(h) = -7*a(h) - 2*i(h). Calculate z(0).
-1
Let u(j) be the third derivative of j**4/8 - j**3/3 + 8*j**2. What is u(3)?
7
Let c(d) = -3*d + 2 + 0*d**2 - d**2 + 5*d. Determine c(5).
-13
Let r(z) = 4*z - 2. Let p be r(-2). Let n be (-6)/p*25/(-5). Let j(y) be the second derivative of -y**3/6 + y**2/2 - y. Determine j(n).
4
Suppose -2*u = -2 - 0. Let z(f) = -29*f**3 + 6*f**2 + 31*f + 17. Let m(v) = 10*v**3 - 2*v**2 - 11*v - 6. Let d(y) = -17*m(y) - 6*z(y). Give d(u).
3
Suppose 0 = -n + 4*n - 4*w + 22, 5*n = -5*w - 25. Let m(h) = h**3 + 7*h**2 + 7*h + 1. Determine m(n).
-5
Let p(f) be the first derivative of 1/3*f**3 - 4*f - 2 + 2*f**2. What is p(-4)?
-4
Let f(a) = -3*a**2 + 1. Suppose 7*w - 5*w - 192 = 0. Let h be 4/(-14) + w/42. What is f(h)?
-11
Let r(j) = -j**3 + 3*j**2 + 4. Suppose u = 4*u - 9. Determine r(u).
4
Suppose -34 + 9 = 5*q. Let c = -4 + 6. Let a(x) = -2*x + 1 - c + 3*x. Calculate a(q).
-6
Suppose 4*h - 5 = 3*h. Let j(z) = 2*z**2 - 17*z + 4. Let o(p) = p**2 - 8*p + 2. Let b(c) = -4*j(c) + 9*o(c). Calculate b(h).
7
Let t(n) = -4 + 2*n + 4. Let a(v) = v**2 + 3. Let i be a(3). Suppose -i = -2*z - 4*k, 2*k + 23 = -2*z + 5*k. Determine t(z).
-8
Suppose 3*y + 5*h = -6 - 0, -4*y + 15 = -h. Suppose -y*b - 10 = -2*r, -r - 1 = -2*b - 6. L